{"id":96,"date":"2024-02-11T18:26:16","date_gmt":"2024-02-11T17:26:16","guid":{"rendered":"https:\/\/hockey-romorantin.fr\/?page_id=96"},"modified":"2024-09-11T14:01:37","modified_gmt":"2024-09-11T12:01:37","slug":"sinscrire","status":"publish","type":"page","link":"https:\/\/hockey-romorantin.fr\/index.php\/sinscrire\/","title":{"rendered":"S&rsquo;inscrire"},"content":{"rendered":"\n<h2 class=\"wp-block-heading\">Tarifs saison 2024 &#8211; 2025<\/h2>\n\n\n\n<p>Les tarifs de la saison 2024 &#8211; 2025 sont disponibles dans le pdf t\u00e9l\u00e9chargeable ci-dessous.<\/p>\n\n\n\n<div class=\"wp-block-file\"><a id=\"wp-block-file--media-65cbadaf-7e37-45d2-8017-edb101b437b8\" href=\"http:\/\/hockey-romorantin.fr\/wp-content\/uploads\/2024\/09\/Tarifs-2024-2025.pdf\">Tarifs 2024 &#8211; 2025<\/a><\/div>\n\n\n\n<h2 class=\"wp-block-heading\">Renouvellement<\/h2>\n\n\n\n<p>Vous avez d\u00e9j\u00e0 eu par le pass\u00e9 une licence aupr\u00e8s de la FFHG, vous devez aller sur le site f\u00e9d\u00e9ral <a href=\"https:\/\/licencies.hockeynet.fr\/auth\/login\"><strong>Hockeynet<\/strong> <\/a> pour mettre \u00e0 jour votre profil et faire une demande de licence aupr\u00e8s de la structure \u00ab\u00a024009 &#8211; Hockey Romorantin\u00a0\u00bb.<\/p>\n\n\n\n<p>Pour les joueurs mineurs, vous devez choisir \u00ab\u00a0Joueur Comp\u00e9tition Mixit\u00e9\u00a0\u00bb, pour les joueurs majeurs, vous devez choisir la licence \u00ab\u00a0Joueur Loisir\u00a0\u00bb, pour le para hockey, vous ne devez choisir la licence \u00ab\u00a0Joueur Comp\u00e9tition Mixit\u00e9\u00a0\u00bb que si vous \u00eates \u00ab\u00a0qualifiables en comp\u00e9titions internationales officielles de para hockey\u00a0\u00bb, sinon, vous devez choisir la licence \u00ab\u00a0Joueur Loisir\u00a0\u00bb.<\/p>\n\n\n\n<figure class=\"wp-block-image size-full\"><img loading=\"lazy\" decoding=\"async\" width=\"377\" height=\"127\" src=\"https:\/\/hockey-romorantin.fr\/wp-content\/uploads\/2024\/09\/image.png\" alt=\"\" class=\"wp-image-128\" srcset=\"https:\/\/hockey-romorantin.fr\/wp-content\/uploads\/2024\/09\/image.png 377w, https:\/\/hockey-romorantin.fr\/wp-content\/uploads\/2024\/09\/image-300x101.png 300w\" sizes=\"auto, (max-width: 377px) 100vw, 377px\" \/><\/figure>\n\n\n\n<p>Si des frais de mutations sont exig\u00e9s, merci de voir avec le bureau de Hockey Romorantin.<\/p>\n\n\n\n<h2 class=\"wp-block-heading\">Nouvelle adh\u00e9sion<\/h2>\n\n\n\n<p>Si vous n&rsquo;avez jamais eu de licence FFHG ou que celle-ci est trop ancienne pour \u00eatre dans le logiciel f\u00e9d\u00e9ral, merci de renseigner le questionnaire ci-dessous et de le faire parvenir au bureau ou par mail \u00e0 romorantin.24009@ffhg.eu.<\/p>\n\n\n\n<div class=\"wp-block-file\"><a id=\"wp-block-file--media-057177f7-2747-4b06-adfc-c0bf4bf7f011\" href=\"http:\/\/hockey-romorantin.fr\/wp-content\/uploads\/2024\/09\/1-formulaire-de-demande-de-licence-20242025.pdf\">1-formulaire-de-demande-de-licence-20242025<\/a><\/div>\n\n\n\n<p>Vous devrez \u00e9galement fournir par voie \u00e9lectronique sur l&rsquo;adresse romorantin.24009@ffhg.eu une photo d&rsquo;identit\u00e9 et une copie recto verso de votre carte d&rsquo;identit\u00e9 ou une copie de votre passeport.<\/p>\n\n\n\n<p>Merci d&rsquo;envoyer des images de moins de 3 Mo.<\/p>\n\n\n\n<h2 class=\"wp-block-heading\">Certificat m\u00e9dical<\/h2>\n\n\n\n<p>Les certificats m\u00e9dicaux doivent \u00eatre renouvel\u00e9s tous les ans pour le para hockey et tous les 3 ans pour les autres.<\/p>\n\n\n\n<p>Pour les mineurs qui souhaitent \u00eatre dispens\u00e9s de certificat m\u00e9dical et les majeurs qui souhaitent prolonger leur certificat m\u00e9dical, vous devez renseigner le questionnaire QS Sport et le faire parvenir au club avec l&rsquo;attestation associ\u00e9e.<\/p>\n\n\n\n<p>Pour les mineurs:<\/p>\n\n\n\n<div class=\"wp-block-file\"><a id=\"wp-block-file--media-af28ae18-e91b-4e69-89b2-b62fe3f3ec2a\" href=\"http:\/\/hockey-romorantin.fr\/wp-content\/uploads\/2024\/09\/2024.QS-sport-questionnaire-pratiquant-MINEUR.pdf\">2024.QS-sport-questionnaire-pratiquant-MINEUR<\/a><\/div>\n\n\n\n<div class=\"wp-block-file\"><a id=\"wp-block-file--media-98d51795-622c-48fa-81d1-702ecfcda9b4\" href=\"http:\/\/hockey-romorantin.fr\/wp-content\/uploads\/2024\/09\/2-attestation-medicale-de-sante-pour-les-mineurs.pdf\">2-attestation-me\u0301dicale-de-sante\u0301-pour-les-mineurs<\/a><\/div>\n\n\n\n<p>Pour les majeurs:<\/p>\n\n\n\n<div class=\"wp-block-file\"><a id=\"wp-block-file--media-d9a7bf60-1e08-49ef-9772-bb5771ac05fd\" href=\"http:\/\/hockey-romorantin.fr\/wp-content\/uploads\/2024\/09\/2024_Questionnaire-de-Sante-pour-les-MAJEURS-QS-SPORT-cerfa_15699.pdf\">2024_Questionnaire-de-Sante\u0301-pour-les-MAJEURS-QS-SPORT-cerfa_15699<\/a><\/div>\n\n\n\n<div class=\"wp-block-file\"><a id=\"wp-block-file--media-f612cbb5-5920-4857-818f-6eadef305b4a\" href=\"http:\/\/hockey-romorantin.fr\/wp-content\/uploads\/2024\/09\/3-attestation-medicale-de-sante-pour-les-majeurs.pdf\">3-attestation-me\u0301dicale-de-sante\u0301-pour-les-majeurs<\/a><\/div>\n\n\n\n<h2 class=\"wp-block-heading\">Droit \u00e0 l&rsquo;image et attestations<\/h2>\n\n\n\n<p>Ci-dessous se trouve le formulaire d&rsquo;attestations. La premi\u00e8re page doit \u00eatre obligatoirement renseign\u00e9e et remise au club pour tous les adh\u00e9rents, les autres pages sont facultatives et pour les mineurs uniquement.<\/p>\n\n\n\n<div class=\"wp-block-file\"><a id=\"wp-block-file--media-5daef2a1-0bc4-4922-bdec-32793e2d2f7d\" href=\"http:\/\/hockey-romorantin.fr\/wp-content\/uploads\/2024\/09\/Autorisations-et-attestations.pdf\">Autorisations et attestations<\/a><\/div>\n\n\n\n<h2 class=\"wp-block-heading\">Validation de la licence<\/h2>\n\n\n\n<p>Votre licence ne pourra \u00eatre valid\u00e9e par le club qu&rsquo;\u00e0 r\u00e9ception compl\u00e8te du dossier, y compris des r\u00e8glements.<\/p>\n\n\n\n<p>Vous avez la possibilit\u00e9 de payer en 3 fois sans frais sur simple demande, le premier r\u00e8glement devant \u00eatre au minimum du montant d\u00fb \u00e0 la f\u00e9d\u00e9ration, il s&rsquo;agit du montant entre parenth\u00e8ses dans le fichier des tarifs.<\/p>\n\n\n\n<h2 class=\"wp-block-heading\">Besoin d&rsquo;aide ?<\/h2>\n\n\n\n<p>En cas de difficult\u00e9s n&rsquo;h\u00e9sitez pas \u00e0 contacter le bureau de Hockey Romorantin ou \u00e0 nous envoyer un mail \u00e0 romorantin.24009@ffhg.eu.<\/p>\n\n\n\n<p>Bon courage dans vos d\u00e9marches.<\/p>\n","protected":false},"excerpt":{"rendered":"<p>Tarifs saison 2024 &#8211; 2025 Les tarifs de la saison 2024 &#8211; 2025 sont disponibles dans le pdf t\u00e9l\u00e9chargeable ci-dessous. Renouvellement Vous avez d\u00e9j\u00e0 eu par le pass\u00e9 une licence [&hellip;]<\/p>\n","protected":false},"author":1,"featured_media":0,"parent":0,"menu_order":0,"comment_status":"closed","ping_status":"closed","template":"","meta":{"_EventAllDay":false,"_EventTimezone":"","_EventStartDate":"","_EventEndDate":"","_EventStartDateUTC":"","_EventEndDateUTC":"","_EventShowMap":false,"_EventShowMapLink":false,"_EventURL":"","_EventCost":"","_EventCostDescription":"","_EventCurrencySymbol":"","_EventCurrencyCode":"","_EventCurrencyPosition":"","_EventDateTimeSeparator":"","_EventTimeRangeSeparator":"","_EventOrganizerID":[],"_EventVenueID":[],"_OrganizerEmail":"","_OrganizerPhone":"","_OrganizerWebsite":"","_VenueAddress":"","_VenueCity":"","_VenueCountry":"","_VenueProvince":"","_VenueState":"","_VenueZip":"","_VenuePhone":"","_VenueURL":"","_VenueStateProvince":"","_VenueLat":"","_VenueLng":"","_VenueShowMap":false,"_VenueShowMapLink":false,"footnotes":""},"class_list":["post-96","page","type-page","status-publish","hentry"],"_links":{"self":[{"href":"https:\/\/hockey-romorantin.fr\/index.php\/wp-json\/wp\/v2\/pages\/96","targetHints":{"allow":["GET"]}}],"collection":[{"href":"https:\/\/hockey-romorantin.fr\/index.php\/wp-json\/wp\/v2\/pages"}],"about":[{"href":"https:\/\/hockey-romorantin.fr\/index.php\/wp-json\/wp\/v2\/types\/page"}],"author":[{"embeddable":true,"href":"https:\/\/hockey-romorantin.fr\/index.php\/wp-json\/wp\/v2\/users\/1"}],"replies":[{"embeddable":true,"href":"https:\/\/hockey-romorantin.fr\/index.php\/wp-json\/wp\/v2\/comments?post=96"}],"version-history":[{"count":3,"href":"https:\/\/hockey-romorantin.fr\/index.php\/wp-json\/wp\/v2\/pages\/96\/revisions"}],"predecessor-version":[{"id":131,"href":"https:\/\/hockey-romorantin.fr\/index.php\/wp-json\/wp\/v2\/pages\/96\/revisions\/131"}],"wp:attachment":[{"href":"https:\/\/hockey-romorantin.fr\/index.php\/wp-json\/wp\/v2\/media?parent=96"}],"curies":[{"name":"wp","href":"https:\/\/api.w.org\/{rel}","templated":true}]}}